?
7
Let u be (-5190)/(-27) + (-2)/9. Suppose -u = -5*q - q. List the prime factors of q.
2
List the prime factors of 58/8 - 18/(-24).
2
Suppose -18 = -4*a + 74. Let z = 47 - a. What are the prime factors of (z/(-5))/(-3)*10?
2
Suppose 2*n - 30 = 114. What are the prime factors of n?
2, 3
Suppose -2*x + q = -393, x + 54 = -2*q + 258. List the prime factors of x.
2, 3, 11
Let f = 258 - 167. List the prime factors of f.
7, 13
Let n be -8 - -8 - (-3 - -1). Suppose 3*q + o - n*o = 113, -o = -4*q + 150. What are the prime factors of q?
37
Let m be (-4)/(-6)*(-45)/(-6). Suppose 5*x = 5*p + 65, 0 = -x + m*p - 2 + 31. List the prime factors of x.
3
Let y(g) be the second derivative of -g**5/20 + 5*g**4/12 - g**3/3 - g**2/2 - 2*g. What are the prime factors of y(4)?
7
Let o(m) = 15*m**3 - 14*m**2 - 17*m - 35. Let g(q) = 7*q**3 - 7*q**2 - 8*q - 17. Let r(a) = 13*g(a) - 6*o(a). List the prime factors of r(8).
37
Suppose -3*d = 2*b - 169, -3*d = 2*b - 4*d - 189. What are the prime factors of b?
2, 23
Suppose -3*u - 2*a - a + 117 = 0, 2*u + 4*a - 86 = 0. Suppose 2*v - 5*v + 5*r = -39, 4*v - r = u. What are the prime factors of v?
2
Suppose 3*t + 8 = 5*t. Suppose b + t = -j - 3*b, 3*b + 6 = 0. Suppose 5*o - 5*q - 42 = -3*q, -48 = -j*o - 2*q. List the prime factors of o.
2, 5
List the prime factors of 100 + 8/(-2) + 0.
2, 3
Suppose 0*c + c + 4 = 0, 3*b = 5*c + 287. What are the prime factors of b?
89
Let f be 16/(-24)*(1 + 8). Let y = -2 - f. What are the prime factors of y?
2
Let b(o) = -o**3 - 2*o**2 + 3*o - 1. Let z be b(-3). What are the prime factors of z - (-15 - (0 - 2))?
2, 3
Suppose -3*s = -68 - 19. Suppose -5*m + s = -46. List the prime factors of m.
3, 5
Suppose 2*a = -4*c + 5*a + 989, c = 2*a + 241. What are the prime factors of c?
251
Let a(i) = 7*i**2 - 5*i - 4. Let g be a(4). Suppose g = o - 3*o. What are the prime factors of 8/o + 134/11?
2, 3
List the prime factors of 102/(-4)*(-16)/12.
2, 17
Let u = -96 - -136. Suppose -4*r + 5*v + 36 = -2*r, 0 = -4*r - 5*v + 102. Let j = u - r. List the prime factors of j.
17
What are the prime factors of ((-7)/(-2))/(-1)*-22?
7, 11
What are the prime factors of ((0 - -3) + -8)/(-1)?
5
What are the prime factors of 76 + (2 + -3)*4?
2, 3
Suppose 5*x + 6 = 1. What are the prime factors of (-9)/x + 1 + -4?
2, 3
Let q(g) = g + 1. Let d(k) = -10*k + 1. Let j(c) = d(c) + 3*q(c). What are the prime factors of j(-3)?
5
Let n(r) = r + 16. Let s(x) = x**2 + 4*x - 5. Let t be s(-5). Let v be n(t). Suppose 0 = -2*l - p + 5*p + 8, 0 = 4*l + p - v. List the prime factors of l.
2
Let n = -58 - -123. What are the prime factors of n?
5, 13
Let w(z) = -z + 8. Let o be w(6). Let f = -3 + o. What are the prime factors of 7 + -3 + 1 - f?
2, 3
Let o(d) be the third derivative of d**5 - d**4/24 - d**3/6 - 3*d**2. Let p be o(-1). Suppose 0 = 3*b + 3 - p. What are the prime factors of b?
19
Let q(a) = 5*a**2 + 2*a + a + 0*a + a**3 + 1. Let t be q(-3). Suppose 0 = -y - i + t, 2*y + 3 = -5*i + 26. What are the prime factors of y?
3
Let m be (-10 - -9) + (1 - 0). Suppose t - 9 = 3*n - n, -3*t - 2*n + 59 = m. What are the prime factors of t?
17
Let i = 29 + 41. Let d = i - 37. List the prime factors of d.
3, 11
Let r(j) = 13*j. Let f be r(2). Suppose -c - c = f. Let q = -5 - c. List the prime factors of q.
2
Let r(m) be the second derivative of -m**5/20 + m**4/2 + m**3/6 + m**2/2 - 4*m. What are the prime factors of r(5)?
31
Let p(a) = 6*a - 3. Let u be p(2). Let h(o) = -4*o**2 - 11*o - 4. Let z(y) = -y**2 - 3*y - 1. Let s(t) = u*z(t) - 2*h(t). List the prime factors of s(-4).
3
Let v(y) be the second derivative of y**5/20 - 3*y**4/4 - 5*y**3/3 + 5*y**2/2 + 2*y. List the prime factors of v(10).
5
Let b = 20 + -5. Suppose b*s = 10*s + 190. List the prime factors of s.
2, 19
Let v(g) = -41*g + 5. Let j be v(2). Let c = j + 113. What are the prime factors of c?
2, 3
List the prime factors of 224 + 5 + -6 + 3.
2, 113
Let s(m) = -2*m**3 + 9*m**2 - 3*m + 1. List the prime factors of s(4).
5
Let f(s) = s - 1. Let a(x) = x**3 + 3*x**2 - 5*x + 1. Suppose 3 - 7 = 4*n. Let h(c) = n*a(c) - 3*f(c). What are the prime factors of h(-4)?
2, 5
Let c = -5 + 8. Suppose -9 = 2*f - 1, 3*f + 6 = c*d. List the prime factors of 10/(-5)*15/d.
3, 5
Suppose -102 = -3*s + 3*k, 5*s + 4*k + 6 - 221 = 0. List the prime factors of s.
3, 13
Suppose 5*g - 448 + 33 = 0. List the prime factors of g.
83
Let v be 8/12 - 224/(-6). Suppose 4*n = v + 58. What are the prime factors of n?
2, 3
Let q(x) = -x**2 + 12*x + 24. What are the prime factors of q(12)?
2, 3
Let v(u) = u**3 + 9*u**2 + 8*u + 12. Suppose 0 = -g - 0*l - 3*l - 8, -4*g + 2*l = 32. List the prime factors of v(g).
2, 3
Suppose 0*s + 6*s - 468 = 0. What are the prime factors of s?
2, 3, 13
Let o(l) = 4*l - 9*l + 2 + 3*l**3 - 2*l**3 + 3*l. List the prime factors of o(3).
23
Suppose -3*s - 8 = z - 2*s, 49 = -5*z - 2*s. Let v = 27 + z. Suppose h = -3*h + v. List the prime factors of h.
2
Let i(u) = 2*u**2 - 12*u + 6. Let c be i(5). What are the prime factors of (114/c)/((-27)/36)?
2, 19
Let a(x) = -23*x. What are the prime factors of a(-2)?
2, 23
Let q = 324 + -224. What are the prime factors of q?
2, 5
Let u = 29 + -40. List the prime factors of -4*(-3)/(-6)*u.
2, 11
Let d = 16 - 31. Let q(b) = 12*b - 3. Let f be q(8). List the prime factors of (-6)/d + f/5.
19
Let s(u) = u**3 - 5*u**2 + 6*u - 1. Let w be s(4). Let y = 9 - w. What are the prime factors of y?
2
Suppose 5*w = -2*d + 395, 4*d + 2*w = 5*w + 777. What are the prime factors of d?
3, 5, 13
Let m = 3 + -3. Suppose m = 5*j - 15. Suppose -j*g = -4*b + 7 + 7, -3*g + 3*b = 9. List the prime factors of g.
2
Let c(l) = 3*l + 2. Let f be c(6). Let q = f + -12. List the prime factors of q.
2
Suppose 5*g - 7 = -p - 3*p, -11 = -5*p - 4*g. What are the prime factors of ((-3)/p)/((-2)/14)?
7
What are the prime factors of (-1 + (-7)/(-4))/((-2)/(-192))?
2, 3
Let t(q) = -8*q**2 - 14*q + 20. Let l(m) = 3*m**2 + 5*m - 7. Let v(x) = 17*l(x) + 6*t(x). List the prime factors of v(-2).
11
Suppose -g - 3*g - 52 = -2*i, 163 = 5*i + g. What are the prime factors of i?
2
Suppose -16 = -4*m, -3*m = 3*t - 8*m - 31. List the prime factors of t.
17
Let a = 41 - -2. List the prime factors of a.
43
Suppose 2*f = -4*g + 96, 2*f + g + 123 = 5*f. What are the prime factors of f?
2, 3, 7
Let l(m) = 3*m**2 - 4*m - 2*m**2 + 1 + 6*m**2 - m**3 + 1. What are the prime factors of l(6)?
2, 7
Suppose w + 3*n = -21, -3*w - 6 - 1 = -5*n. Let g(k) = -k - 6. Let b be g(w). Suppose -5*h = b*a - 103, -4*a + 42 = 2*h - 2*a. What are the prime factors of h?
2, 5
Let w(k) = 14*k - 1. Let g be w(3). Suppose 5*q - g - 9 = -3*f, 0 = -3*q - 4*f + 30. Let i = -1 + q. What are the prime factors of i?
3
Let g(w) = w**2 + 2*w - 1. Let v be g(-3). Suppose -60 = -5*a - 3*m - 3, -2*a = -v*m - 26. What are the prime factors of a?
2, 3
Let f = 0 - 0. Let v = 14 + f. What are the prime factors of v?
2, 7
Let m be 1/(-1) + 2*1. Let j be 3 + m + -3 + 1. Suppose -j*q = q - 30. What are the prime factors of q?
2, 5
Let g = 123 + -84. Let j = g - 21. List the prime factors of j.
2, 3
Let v(a) = -a**2 - 3*a + 4. Let c be v(-4). List the prime factors of 1 + (1 - c) - -16.
2, 3
Let i = 428 - 191. List the prime factors of i.
3, 79
Let t(f) = -f**2. Let i(q) = -11*q**2 + q. Let u(s) = -i(s) + 3*t(s). Let v be ((-4)/6)/((-4)/6). What are the prime factors of u(v)?
7
Let b = -6 - 0. Let v = b - -14. Let y = v - 6. List the prime factors of y.
2
Let h(c) = c**2 + 0*c - 5*c - 6*c. Let s be h(11). Suppose s - 3 = -d. List the prime factors of d.
3
Suppose 0*p + 4*p - 144 = 0. List the prime factors of p.
2, 3
Let t(q) = -q**3 - 9*q**2 - 2*q - 5. Suppose 7*d - 5*w + 70 = 2*d, 5*d - w + 50 = 0. List the prime factors of t(d).
13
What are the prime factors of 1/((-4)/(-2) - 2070/1038)?
173
Let h be 2*(-3 + 6)/3. Suppose 150 = 5*r - i - h*i, 0 = -3*i. What are the prime factors of r?
2, 3, 5
Suppose 0 = -f - f + 66. Suppose -4*m + m = -f. What are the prime factors of m?
11
Let u(d) = 22*d**2 - d - 1. What are the prime factors of u(-1)?
2, 11
Let k = -38 - -92. Let m = -32 + k. List the prime factors of m.
2, 11
Let n = -4 - -2. What are the prime factors of 1/(-1) + n - -20?
17
Let l be (1/3)/(4/24). Suppose 4*a = l*a + 16. List 